 + 26. Determine v(l).
-26
Suppose -1 = m - 2*s + s, 4*m = -5*s - 40. Let q(l) = l**3 + 5*l**2 - 1. Let x be q(m). Let r(t) = -t**3 - t**2 - t - 1. Give r(x).
0
Let b(f) = -15*f**2 + 10*f - 3. Let p(v) = -11*v**2 + 9*v - 2. Let s(u) = 2*b(u) - 3*p(u). Calculate s(6).
66
Let n be 2/(-3 - (-1 - -2))*2. Let s be 4 + -1 + n + 0. Let x(r) = 4 + s + 2*r - 18 + 6. Determine x(5).
4
Let p(x) be the third derivative of 31*x**4/24 - 16*x**3 + 107*x**2. Let i be p(3). Let r(q) = 3*q. Calculate r(i).
-9
Let o(q) = -2*q + 5841 - 2926 - 2907. Suppose -4*w - 15 = -7*w. What is o(w)?
-2
Let f(g) = -2*g**3 + 21*g**2 + 16*g - 37. Let r be (11312/(-168) - -60)/((-3)/(18/4)). What is f(r)?
18
Let b(z) = z**3 + 4*z**2 - 7*z - 20. Let y = -4423 + 4418. What is b(y)?
-10
Let s(u) = -30*u**3 - 12*u**2 + 19. Let v(t) = 7*t**3 + 3*t**2 - 5. Let p(k) = -2*s(k) - 9*v(k). Determine p(-2).
19
Let a(l) = -6*l. Suppose -11*s = -16*s + 25. Suppose 25 = -s*g + 2*t, -24 = 2*g + 2*t - 0*t. Let r be 16/(-28)*g/2. What is a(r)?
-12
Let k(n) = -n**2 - 18*n - 22. Let x(c) = 9*c + 56. Let u be x(-8). What is k(u)?
10
Let o(j) = -j**2 - 39*j - 34. Let s be o(-38). Let t(f) be the third derivative of -16*f**2 + 1/24*f**s + f**3 + 0 + 0*f. Calculate t(-3).
3
Let j(l) = 3*l**2 - 35*l + 8. Let v(s) = -5*s**2 + 48*s - 8. Let z(o) = -3*j(o) - 2*v(o). Give z(-6).
-26
Let u(a) = -a - 2 + 5*a + 3 - a**2. Let w(m) = -m**2 - 31*m - 114. Let f be w(-25). Let l be (8/18 + (-70)/f)*-4. Give u(l).
-11
Let b = -278 + 147. Let j = 133 + b. Let o(u) = -u**3 - 4 - 2 - j*u**2 + 7 - 11*u**3. Calculate o(-1).
11
Let b be 3/(12/1) - 94/(-8). Let a be (-77)/(-11)*(b/14 + 0). Let j be 12/10*(-15)/a. Let l(u) = u**2 + 3*u - 2. What is l(j)?
-2
Let r(p) = -p + 3*p**2 - 8 - 2*p**2 - 5*p. Suppose -3261*a + 10143 + 13533 = -6973 + 7822. Calculate r(a).
-1
Let h(j) = 5*j - 38. Let i be -27*48/180*10/(-6). Give h(i).
22
Let x(a) = -6*a - 23. Suppose 5*j + 36 = -b, -37*j - 10*b = -36*j + 17. Determine x(j).
19
Let n(v) = v**3 + 12*v**2 + 21*v + 9. Suppose -74*a - 71*a = -138*a + 70. Determine n(a).
-1
Let y(s) be the third derivative of -s**5/60 + 7*s**4/24 + 7*s**3/6 + s**2. Suppose 0 = -11*d - 178 + 420. Suppose 0 = -d*l + 4*l + 144. Give y(l).
-1
Let a(d) = d**3 + 31*d**2 + 16*d + 500. Suppose -2*r - 33 - 33 = -4*c, -1 = -c. What is a(r)?
4
Let g(r) = -4*r + 1. Suppose -350 - 42 = 7*d. Let v = d + 162. Let m = v + -104. Give g(m).
-7
Let u(x) be the third derivative of x**6/120 + 7*x**5/15 + 9*x**4/8 + 5*x**3/6 + 159*x**2 + 5. Give u(-27).
5
Let w(r) = -9*r + 30. Suppose -128*g + 53 = -227 - 232. Calculate w(g).
-6
Let s(l) = -l**3 - 3*l**2 + 15*l - 20. Let r(n) = -n**3 - n**2 + 7*n - 9. Let a(x) = -5*r(x) + 2*s(x). Calculate a(3).
62
Let j(m) = -1476*m - 1469*m + 2944*m + 3*m**2 + 9. Calculate j(3).
33
Let k(a) = -89*a**2 - 36*a + 63. Let s(f) = -8*f**2 - 2*f + 2. Let j(r) = k(r) - 11*s(r). Give j(-14).
41
Suppose -101*f - 6 = -88*f - 6. Let l(j) be the second derivative of -21*j - 1/6*j**3 + 5/2*j**2 + f. Calculate l(7).
-2
Let f(w) = w**3 - 7*w**2 - 3*w - 5. Let g be -9 + (21 - 4) + (-7 - -7). Determine f(g).
35
Let h(a) = -3*a + 7. Let p(w) be the first derivative of -4*w**2 + 15*w + 208. Let k(y) = -5*h(y) + 2*p(y). Calculate k(-3).
-2
Let g(z) = -z**3 + 22*z**2 + 12*z + 251. Let p be g(23). Let s(k) = 9*k + 2. Let n(w) = 4 + 1 + 26*w - 4 + 6. Let l(m) = 2*n(m) - 7*s(m). Calculate l(p).
22
Let c(y) = -y**2 + 27*y + 100. Let f be c(30). Let i(a) = -11*a + 117. Let s be i(f). Let r(h) = 0*h + 2*h - 3*h - 3. Give r(s).
-10
Suppose 3*w + 2*g - 91 = -104, -5*w = 5*g + 35. Let d(u) = -2*u + 3 - 4 + 2 + 2*u**3. Determine d(w).
1
Let o(n) = -n**3 - 4*n**2 + 6*n + 6. Let r(g) = -9*g - 33. Let s be r(6). Let w = 82 + s. Calculate o(w).
1
Let i(t) = t**3 - 6*t**2 + 2*t + 8. Let c(p) = 2*p - 109. Let k be c(-13). Let m = -130 - k. Determine i(m).
-7
Let y(t) be the third derivative of t**4/24 + 7*t**3/6 - 3*t**2. Suppose 347*c - 346*c = 11 - 1. Give y(c).
17
Let b(f) be the second derivative of f**5/20 + 7*f**4/12 + 7*f**3/6 + 3*f**2/2 + 1469*f. Let c(r) = -r**3 - 4*r**2 + r - 1. Let q be c(-4). Determine b(q).
18
Suppose r + 13 = -5*s - 30, -52 = 4*r + 5*s. Let t(o) = 15*o + 50. Calculate t(r).
5
Suppose 35*g - 26 = 22*g. Let d(v) = -142 - 100*v**g + v + 141 + 98*v**2. What is d(1)?
-2
Let p(l) = -l - 7. Let x be p(-5). Let w(d) = -13*d - 24. Let u be w(x). Let q(n) = -5*n + 3. Determine q(u).
-7
Suppose -149*o + 146*o + 6 = 0. Let w(v) = -v + 2*v + 3 - 2 - v**o + 2*v. Determine w(5).
-9
Let g be ((-2)/(-3))/((-2)/(-12)). Suppose 3*p - 32 = -13*p. Let u(k) = 5*k**p + 25*k**3 - 2*k**2 - 26*k**3 + 3*k. What is u(g)?
-4
Let t(f) = 5*f + 6302*f**2 - 1 - 3153*f**2 - 3148*f**2 + 2. Give t(-6).
7
Let a(k) = -k + 3. Let b be (-74)/(-26) + -10 - (-4)/26. Let o be ((-234)/(-27) + b)/((-5)/(-18)). Calculate a(o).
-3
Let n(f) = 2*f**2 - 6*f + 1. Let m = 59 + 29. Suppose -3*z = 19*z - m. Give n(z).
9
Suppose -2*b + 2*m = -3*m - 19, 2*b - 3*m - 13 = 0. Suppose -5 = -3*c - b. Let l(d) be the second derivative of -d**3/3 - d**2/2 + 927*d. Calculate l(c).
-3
Let f(p) = -p**3 + 4*p**2 + 14*p - 36. Let l be f(4). Let a(n) = 2*n - 41. Let g be a(l). Let h(s) = 3*s**2 - s. What is h(g)?
4
Let b(z) = z**3 + z**2 - 2*z - 13. Let q(v) = 2*v**2 - 2*v + 2. Let s(h) = -b(h) - 3*q(h). Give s(-7).
-49
Let w(c) = 3*c**3 - 23*c**2 + 6*c + 3. Let d(n) = 29*n + 2008. Let s be d(-69). Determine w(s).
-53
Let g(d) = -7*d**2 + 2*d**2 + 0*d**2 - 4*d - 4. Suppose -22*n - 38 - 104 + 10 = 0. Let v(u) = u**2 + u. Let j(a) = n*v(a) - g(a). Determine j(-4).
-4
Let c(z) = 17*z**3 + 84*z**2 - 120*z - 721. Let k(x) = -4*x**3 - 20*x**2 + 30*x + 181. Let s(p) = 2*c(p) + 9*k(p). Give s(-6).
7
Let o = -126 + 128. Let w(i) = -580*i**o + 581*i**2 + 12*i - 3 + 4. Calculate w(-6).
-35
Let j = 3272 - 3263. Let s(x) = -2*x**2 + 15*x + 41. Calculate s(j).
14
Let h(m) = m. Let d(z) = z**3 + 6*z**2 + 8*z + 5. Let w be d(-4). Let o be h(w). Let j(x) = 3 - o + x + 10. What is j(-6)?
2
Let o(q) = q**2 - 7*q - 3. Let c be 8/(80/125) + (-6)/(-4). Let t(x) = -6 - 5 - 6 + c - 6*x. Let s(f) = -3*o(f) + 4*t(f). Give s(-2).
-9
Let h be 336/105 + -4 + 159/5. Let s(l) = l**3 - 30*l**2 - 30*l - 34. Give s(h).
-3
Let u(l) = -2*l + 3*l - 3*l - 8. Let a = 21582 - 21589. Determine u(a).
6
Suppose -w - 7 = -0*w - 4*d, 2*w + 5*d = 12. Let j(z) = -5 - 6 + 12 - 708*z + 735*z. Determine j(w).
28
Let w be (0/(-2))/(4 + -2) + 89. Let r(o) = -91 + o + w + 0*o. Let q be 1/((-4)/(-5) + (-30)/50). Calculate r(q).
3
Let w(h) = -2*h + 2 - 4*h - h + 9*h. Let a(b) = 17 - 7*b - 4 + 8*b. Let s be a(-8). What is w(s)?
12
Let t = -4 + 48. Suppose 3*l + 0*l + t = -4*n, -l = 4. Let k(g) be the third derivative of g**6/120 + 2*g**5/15 + g**4/24 + 2*g**3/3 - 469*g**2. Determine k(n).
-4
Let n(l) = -l**3 + 7*l**2 - l - 23. Suppose 75*a - 386 = 64. Determine n(a).
7
Let x(b) be the first derivative of b**4/4 + 10*b**3/3 - 20*b**2 - 12*b - 964. Determine x(-13).
1
Suppose 2*r + 3 = l, 0 = 4*l - r - 4*r - 15. Suppose -6 = 3*y + l*z, -6*y = -5*y + z. Let c(n) = 4*n - 7. Determine c(y).
5
Let s(r) = -3255*r - 26033. Let c be s(-8). Let o(k) = -2*k + 13*k**2 + 7 + k - 2*k**3 + 7*k. Determine o(c).
0
Let r(f) be the first derivative of f**4/4 + f**3 + f**2 + 6*f + 2601. Determine r(-3).
0
Let q = -6192 - -6184. Let c(b) = b**3 + 6*b**2 - 19*b + 5. Determine c(q).
29
Let k = 13 + -10. Suppose -4*p = -3*y - 5*p + 16, 5*p - 20 = -3*y. Suppose -2 = m, -k*t - 40 = 2*t + y*m. Let j(q) = -q**3 - 5*q**2 + 5*q - 4. Calculate j(t).
2
Suppose 2*n = 4*g - 24, 3*g - n - 18 = -0*n. Suppose 3*y - 180 = 3*x, -y = -0*y + 5*x - 30. Let u(f) = 4*f + y - 7*f**2 + f**3 - 30 - 21. What is u(g)?
-8
Let g(b) = b + 12. Let j(v) = -v - 10. Let w(h) = 9*g(h) + 10*j(h). Suppose 4*n + 16 = -4*i, 5*i + 19 + 1 = -3*n. Suppose n = 5*c + 5 + 40. Determine w(c).
17
Let l(r) = -r**3 - 7*r**2 - 6*r + 11. Let z(n) = -4*n**2 + 3*n + 4. Let q be z(2). Determine l(q).
11
Let c(z) = -2*z - 2. Let u be (3/(15/(-8)))/((-8)/60). Suppose -u = -4*o + o. Suppose o - 10 = -2*j. What is c(j)?
-8
Let c(k) be the second derivative of -k**5/20 - 7*k**4/12 - 13*k**3/6 - 7*k**2/2 - 2581*k - 1. Give c(-7).
84
Let a(l) = -75*l**2 + 3*l + 3*l - l - 4*l + 74*l**2. Determine a(